{"id":256,"date":"2017-02-03T16:06:12","date_gmt":"2017-02-03T16:06:12","guid":{"rendered":"http:\/\/www.chezpiotr.com\/wordpress\/?page_id=256"},"modified":"2017-02-10T16:49:59","modified_gmt":"2017-02-10T16:49:59","slug":"nos-services","status":"publish","type":"page","link":"http:\/\/www.chezpiotr.com\/wordpress\/nos-services\/","title":{"rendered":"Nos services"},"content":{"rendered":"<div id=\"pl-256\"  class=\"panel-layout\" ><div id=\"pg-256-0\"  class=\"panel-grid panel-no-style\" ><div id=\"pgc-256-0-0\"  class=\"panel-grid-cell\" ><div id=\"panel-256-0-0-0\" class=\"so-panel widget widget_sow-editor panel-first-child panel-last-child\" data-index=\"0\" ><div\n\t\t\t\n\t\t\tclass=\"so-widget-sow-editor so-widget-sow-editor-base\"\n\t\t\t\n\t\t><h3 class=\"widget-title\">Des Services So SI<\/h3>\n<div class=\"siteorigin-widget-tinymce textwidget\">\n\t<p>Essentiellement orient\u00e9 dans les projets li\u00e9s aux syst\u00e8mes d'informations et particuli\u00e8rement dans le domaines de l'assurances, SoSI propose des services autour des 3 champs pr\u00e9sent\u00e9s ici. \u00a0<\/p>\n<\/div>\n<\/div><\/div><\/div><\/div><div id=\"pg-256-1\"  class=\"panel-grid panel-no-style\" ><div id=\"pgc-256-1-0\"  class=\"panel-grid-cell\" ><div id=\"panel-256-1-0-0\" class=\"so-panel widget widget_sow-image panel-first-child\" data-index=\"1\" ><div class=\"panel-widget-style panel-widget-style-for-256-1-0-0\" ><div\n\t\t\t\n\t\t\tclass=\"so-widget-sow-image so-widget-sow-image-default-a258e6bfa2d8-256\"\n\t\t\t\n\t\t>\n<div class=\"sow-image-container\">\n\t\t\t<a href=\"\/wordpress\/nos-services\/analyser-et-exprimer\/\"\n\t\t\t\t\t>\n\t\t\t<img loading=\"lazy\" decoding=\"async\" src=\"http:\/\/www.chezpiotr.com\/wordpress\/wp-content\/uploads\/2017\/02\/close-up-1853057_1920-e1486156239638.jpg\" width=\"150\" height=\"100\" sizes=\"(max-width: 150px) 100vw, 150px\" title=\"rouages\" alt=\"\" \t\tclass=\"so-widget-image\"\/>\n\t<\/a><\/div>\n\n<\/div><\/div><\/div><div id=\"panel-256-1-0-1\" class=\"so-panel widget widget_sow-editor panel-last-child\" data-index=\"2\" ><div\n\t\t\t\n\t\t\tclass=\"so-widget-sow-editor so-widget-sow-editor-base\"\n\t\t\t\n\t\t><h3 class=\"widget-title\">Analyser et exprimer<\/h3>\n<div class=\"siteorigin-widget-tinymce textwidget\">\n\t<p>Vous aider \u00e0 formaliser et faire comprendre votre m\u00e9tier et ses \u00e9volutions.<\/p>\n<p>\u00a0<\/p>\n<\/div>\n<\/div><\/div><\/div><div id=\"pgc-256-1-1\"  class=\"panel-grid-cell\" ><div id=\"panel-256-1-1-0\" class=\"so-panel widget widget_sow-image panel-first-child\" data-index=\"3\" ><div class=\"panel-widget-style panel-widget-style-for-256-1-1-0\" ><div\n\t\t\t\n\t\t\tclass=\"so-widget-sow-image so-widget-sow-image-default-a258e6bfa2d8-256\"\n\t\t\t\n\t\t>\n<div class=\"sow-image-container\">\n\t\t\t<a href=\"\/wordpress\/nos-services\/piloter\/\"\n\t\t\t\t\t>\n\t\t\t<img loading=\"lazy\" decoding=\"async\" src=\"http:\/\/www.chezpiotr.com\/wordpress\/wp-content\/uploads\/2017\/02\/port-1621668_1920-e1486156624100.jpg\" width=\"150\" height=\"100\" sizes=\"(max-width: 150px) 100vw, 150px\" title=\"gouverne\" alt=\"\" \t\tclass=\"so-widget-image\"\/>\n\t<\/a><\/div>\n\n<\/div><\/div><\/div><div id=\"panel-256-1-1-1\" class=\"so-panel widget widget_sow-editor panel-last-child\" data-index=\"4\" ><div\n\t\t\t\n\t\t\tclass=\"so-widget-sow-editor so-widget-sow-editor-base\"\n\t\t\t\n\t\t><h3 class=\"widget-title\">Piloter<\/h3>\n<div class=\"siteorigin-widget-tinymce textwidget\">\n\t<p>Utiliser les r\u00e9flexes projet pour ais\u00e9ment estimer ce qui est fait et ce qu'il reste \u00e0 faire.<\/p>\n<\/div>\n<\/div><\/div><\/div><div id=\"pgc-256-1-2\"  class=\"panel-grid-cell\" ><div id=\"panel-256-1-2-0\" class=\"so-panel widget widget_sow-image panel-first-child\" data-index=\"5\" ><div class=\"panel-widget-style panel-widget-style-for-256-1-2-0\" ><div\n\t\t\t\n\t\t\tclass=\"so-widget-sow-image so-widget-sow-image-default-a258e6bfa2d8-256\"\n\t\t\t\n\t\t>\n<div class=\"sow-image-container\">\n\t\t\t<a href=\"\/wordpress\/nos-services\/realiser\/\"\n\t\t\t\t\t>\n\t\t\t<img loading=\"lazy\" decoding=\"async\" src=\"http:\/\/www.chezpiotr.com\/wordpress\/wp-content\/uploads\/2017\/02\/tools-986481_1920.jpg\" width=\"150\" height=\"99\" srcset=\"http:\/\/www.chezpiotr.com\/wordpress\/wp-content\/uploads\/2017\/02\/tools-986481_1920.jpg 1920w, http:\/\/www.chezpiotr.com\/wordpress\/wp-content\/uploads\/2017\/02\/tools-986481_1920-300x199.jpg 300w, http:\/\/www.chezpiotr.com\/wordpress\/wp-content\/uploads\/2017\/02\/tools-986481_1920-768x508.jpg 768w, http:\/\/www.chezpiotr.com\/wordpress\/wp-content\/uploads\/2017\/02\/tools-986481_1920-1024x678.jpg 1024w, http:\/\/www.chezpiotr.com\/wordpress\/wp-content\/uploads\/2017\/02\/tools-986481_1920-272x182.jpg 272w\" sizes=\"(max-width: 150px) 100vw, 150px\" title=\"outils\" alt=\"\" \t\tclass=\"so-widget-image\"\/>\n\t<\/a><\/div>\n\n<\/div><\/div><\/div><div id=\"panel-256-1-2-1\" class=\"so-panel widget widget_sow-editor panel-last-child\" data-index=\"6\" ><div\n\t\t\t\n\t\t\tclass=\"so-widget-sow-editor so-widget-sow-editor-base\"\n\t\t\t\n\t\t><h3 class=\"widget-title\">R\u00e9aliser<\/h3>\n<div class=\"siteorigin-widget-tinymce textwidget\">\n\t<p>Concevoir et construire la\u00a0solution ponctuelle et cibl\u00e9e.\u00a0<\/p>\n<\/div>\n<\/div><\/div><\/div><\/div><div id=\"pg-256-2\"  class=\"panel-grid panel-no-style\" ><div id=\"pgc-256-2-0\"  class=\"panel-grid-cell panel-grid-cell-mobile-last\" ><div id=\"panel-256-2-0-0\" class=\"so-panel widget widget_sow-editor panel-first-child panel-last-child\" data-index=\"7\" ><div\n\t\t\t\n\t\t\tclass=\"so-widget-sow-editor so-widget-sow-editor-base\"\n\t\t\t\n\t\t>\n<div class=\"siteorigin-widget-tinymce textwidget\">\n\t<p>Pour parcourir l'ensemble des missions r\u00e9alis\u00e9e avec un court descriptif, nous vous invitons \u00e0 consulter ici la <a href=\"https:\/\/www.chezpiotr.com\/wordpress\/category\/experiences\/\">cat\u00e9gorie \"exp\u00e9rience<\/a>s\".<\/p>\n<\/div>\n<\/div><\/div><\/div><div id=\"pgc-256-2-1\"  class=\"panel-grid-cell panel-grid-cell-empty\" ><\/div><\/div><\/div>","protected":false},"excerpt":{"rendered":"<p>Essentiellement orient\u00e9 dans les projets li\u00e9s aux syst\u00e8mes d&rsquo;informations et particuli\u00e8rement dans le domaines de l&rsquo;assurances, SoSI propose des services autour des 3 champs pr\u00e9sent\u00e9s ici. \u00a0 Vous aider \u00e0 formaliser et faire comprendre votre m\u00e9tier et ses \u00e9volutions.\u00a0 Utiliser les r\u00e9flexes projet pour ais\u00e9ment estimer ce qui est fait et ce qu&rsquo;il reste \u00e0 &hellip; <\/p>\n<p class=\"link-more\"><a href=\"http:\/\/www.chezpiotr.com\/wordpress\/nos-services\/\" class=\"more-link\">Continuer la lecture<span class=\"screen-reader-text\"> de &laquo;&nbsp;Nos services&nbsp;&raquo;<\/span><\/a><\/p>\n","protected":false},"author":1,"featured_media":0,"parent":0,"menu_order":0,"comment_status":"closed","ping_status":"closed","template":"","meta":{"inline_featured_image":false,"footnotes":""},"_links":{"self":[{"href":"http:\/\/www.chezpiotr.com\/wordpress\/wp-json\/wp\/v2\/pages\/256"}],"collection":[{"href":"http:\/\/www.chezpiotr.com\/wordpress\/wp-json\/wp\/v2\/pages"}],"about":[{"href":"http:\/\/www.chezpiotr.com\/wordpress\/wp-json\/wp\/v2\/types\/page"}],"author":[{"embeddable":true,"href":"http:\/\/www.chezpiotr.com\/wordpress\/wp-json\/wp\/v2\/users\/1"}],"replies":[{"embeddable":true,"href":"http:\/\/www.chezpiotr.com\/wordpress\/wp-json\/wp\/v2\/comments?post=256"}],"version-history":[{"count":24,"href":"http:\/\/www.chezpiotr.com\/wordpress\/wp-json\/wp\/v2\/pages\/256\/revisions"}],"predecessor-version":[{"id":449,"href":"http:\/\/www.chezpiotr.com\/wordpress\/wp-json\/wp\/v2\/pages\/256\/revisions\/449"}],"wp:attachment":[{"href":"http:\/\/www.chezpiotr.com\/wordpress\/wp-json\/wp\/v2\/media?parent=256"}],"curies":[{"name":"wp","href":"https:\/\/api.w.org\/{rel}","templated":true}]}}