{"id":310,"date":"2017-02-04T13:53:57","date_gmt":"2017-02-04T13:53:57","guid":{"rendered":"http:\/\/www.chezpiotr.com\/wordpress\/?page_id=310"},"modified":"2019-06-23T18:42:51","modified_gmt":"2019-06-23T18:42:51","slug":"piloter","status":"publish","type":"page","link":"http:\/\/www.chezpiotr.com\/wordpress\/nos-services\/piloter\/","title":{"rendered":"Piloter"},"content":{"rendered":"<div id=\"pl-310\"  class=\"panel-layout\" ><div id=\"pg-310-0\"  class=\"panel-grid panel-no-style\" ><div id=\"pgc-310-0-0\"  class=\"panel-grid-cell\" ><div id=\"panel-310-0-0-0\" class=\"so-panel widget widget_sow-editor panel-first-child panel-last-child\" data-index=\"0\" ><div\n\t\t\t\n\t\t\tclass=\"so-widget-sow-editor so-widget-sow-editor-base\"\n\t\t\t\n\t\t><h3 class=\"widget-title\">Piloter<\/h3>\n<div class=\"siteorigin-widget-tinymce textwidget\">\n\t<p>S'appuyer\u00a0sur des r\u00e9flexes \u00e9prouv\u00e9s de pilotage mais aussi cr\u00e9er des m\u00e9thodes adapt\u00e9es aux outils et aux intervenants permet a SoSI d'orienter au mieux l'avancement de vos projet ou de vos activit\u00e9s.\u00a0<\/p>\n<\/div>\n<\/div><\/div><\/div><\/div><div id=\"pg-310-1\"  class=\"panel-grid panel-no-style\" ><div id=\"pgc-310-1-0\"  class=\"panel-grid-cell\" ><div id=\"panel-310-1-0-0\" class=\"so-panel widget widget_sow-post-carousel panel-first-child panel-last-child\" data-index=\"1\" ><div\n\t\t\t\n\t\t\tclass=\"so-widget-sow-post-carousel so-widget-sow-post-carousel-base-ad93eedad001-310\"\n\t\t\t\n\t\t>\t<div\n\t\tclass=\"sow-post-carousel-wrapper sow-post-carousel-theme-base\"\n\t\tstyle=\"overflow: hidden; max-width: 100%; min-height: 182px\"\n\t>\n\t\t<div class=\"sow-carousel-title\">\n\t\t\t<div class=\"sow-carousel-navigation \">\n\t\t\t\t\t\t<a href=\"#\" class=\"sow-carousel-next\" title=\"Suivant\" aria-label=\"Next Posts\" role=\"button\"><\/a>\n\t\t\t\t\t\t<a href=\"#\" class=\"sow-carousel-previous\" title=\"Pr\u00e9c\u00e9dent\" aria-label=\"Previous Posts\" role=\"button\"><\/a>\n\t\t\t\t\t<\/div>\n\t<\/div>\n\n<div class=\"sow-carousel-container \">\n\t\t<div class=\"sow-carousel-wrapper\"\n\t\tdata-dir=\"ltr\"\n\t\tstyle=\"opacity: 0;\"\n\t\tdata-widget=\"post\" data-fetching=\"false\" data-page=\"1\" data-ajax-url=\"http:\/\/www.chezpiotr.com\/wordpress\/wp-admin\/admin-ajax.php?_widgets_nonce=a6786a2499\" data-item_count=\"23\" data-carousel_settings=\"{&quot;loop&quot;:true,&quot;animation&quot;:&quot;Ease&quot;,&quot;animation_speed&quot;:400,&quot;autoplay&quot;:&quot;&quot;,&quot;pauseOnHover&quot;:&quot;&quot;,&quot;autoplaySpeed&quot;:8000,&quot;item_overflow&quot;:true,&quot;autoplay_continuous_scroll&quot;:false}\" data-responsive=\"{&quot;desktop_slides_to_scroll&quot;:1,&quot;tablet_landscape_breakpoint&quot;:1366,&quot;tablet_landscape_slides_to_scroll&quot;:2,&quot;tablet_portrait_breakpoint&quot;:1025,&quot;tablet_portrait_slides_to_scroll&quot;:2,&quot;mobile_breakpoint&quot;:480,&quot;mobile_slides_to_scroll&quot;:1}\" data-variable_width=\"true\" \t>\n\t\t<div\n\t\t\tclass=\"sow-carousel-items\"\n\t\t\t\t\t>\n\t\t\t\t<div class=\"sow-carousel-item\" tabindex=\"-1\" style=\"float: left;\">\n\t\t<div class=\"sow-carousel-thumbnail\">\n\t\t\t\t\t\t\t<a\n\t\t\t\t\thref=\"http:\/\/www.chezpiotr.com\/wordpress\/experiences\/2024-pilote-dengagement-du-run\/\"\n\t\t\t\t\tclass=\"sow-carousel-default-thumbnail\"\n\t\t\t\t\t\t\t\t\t\t\t\t\t\t\taria-labelledby=\"sow-carousel-id-554\"\n\t\t\t\t\ttabindex=\"-1\"\n\t\t\t\t>\n\t\t\t\t\t<span class=\"overlay\"><\/span>\n\t\t\t\t<\/a>\n\t\t\t\t\t<\/div>\n\t\t<h3 class=\"sow-carousel-item-title\">\n\t\t\t<a\n\t\t\t\thref=\"http:\/\/www.chezpiotr.com\/wordpress\/experiences\/2024-pilote-dengagement-du-run\/\"\n\t\t\t\tid=\"sow-carousel-id-554\"\n\t\t\t\t\t\t\t\ttabindex=\"-1\"\n\t\t\t>\n\n\t\t\t\t2024 &#8211; Pilote d&rsquo;engagement du Run\t\t\t<\/a>\n\t\t<\/h3>\n\t<\/div>\n\t<div class=\"sow-carousel-item\" tabindex=\"-1\" style=\"float: left;\">\n\t\t<div class=\"sow-carousel-thumbnail\">\n\t\t\t\t\t\t\t<a\n\t\t\t\t\thref=\"http:\/\/www.chezpiotr.com\/wordpress\/experiences\/2022-test-de-changement-de-regime-fiscal-de-groupe\/\"\n\t\t\t\t\t\t\t\t\t\tstyle=\"background-image: url( http:\/\/www.chezpiotr.com\/wordpress\/wp-content\/uploads\/2013\/06\/file2491241837403-272x182.jpg )\"\n\t\t\t\t\taria-labelledby=\"sow-carousel-id-547\"\n\t\t\t\t\ttabindex=\"-1\"\n\t\t\t\t>\n\t\t\t\t\t<span class=\"overlay\"><\/span>\n\t\t\t\t<\/a>\n\t\t\t\t\t<\/div>\n\t\t<h3 class=\"sow-carousel-item-title\">\n\t\t\t<a\n\t\t\t\thref=\"http:\/\/www.chezpiotr.com\/wordpress\/experiences\/2022-test-de-changement-de-regime-fiscal-de-groupe\/\"\n\t\t\t\tid=\"sow-carousel-id-547\"\n\t\t\t\t\t\t\t\ttabindex=\"-1\"\n\t\t\t>\n\n\t\t\t\t2022 &#8211; Test de changement de r\u00e9gime fiscal de groupe\t\t\t<\/a>\n\t\t<\/h3>\n\t<\/div>\n\t<div class=\"sow-carousel-item\" tabindex=\"-1\" style=\"float: left;\">\n\t\t<div class=\"sow-carousel-thumbnail\">\n\t\t\t\t\t\t\t<a\n\t\t\t\t\thref=\"http:\/\/www.chezpiotr.com\/wordpress\/experiences\/2021-pilotage-de-la-validation-de-projet-de-dematerialisation\/\"\n\t\t\t\t\t\t\t\t\t\tstyle=\"background-image: url( http:\/\/www.chezpiotr.com\/wordpress\/wp-content\/uploads\/2013\/06\/file0001665370568-272x182.jpg )\"\n\t\t\t\t\taria-labelledby=\"sow-carousel-id-542\"\n\t\t\t\t\ttabindex=\"-1\"\n\t\t\t\t>\n\t\t\t\t\t<span class=\"overlay\"><\/span>\n\t\t\t\t<\/a>\n\t\t\t\t\t<\/div>\n\t\t<h3 class=\"sow-carousel-item-title\">\n\t\t\t<a\n\t\t\t\thref=\"http:\/\/www.chezpiotr.com\/wordpress\/experiences\/2021-pilotage-de-la-validation-de-projet-de-dematerialisation\/\"\n\t\t\t\tid=\"sow-carousel-id-542\"\n\t\t\t\t\t\t\t\ttabindex=\"-1\"\n\t\t\t>\n\n\t\t\t\t2021 &#8211; Test de solutions de d\u00e9mat\u00e9rialisation\t\t\t<\/a>\n\t\t<\/h3>\n\t<\/div>\n\t<div class=\"sow-carousel-item\" tabindex=\"-1\" style=\"float: left;\">\n\t\t<div class=\"sow-carousel-thumbnail\">\n\t\t\t\t\t\t\t<a\n\t\t\t\t\thref=\"http:\/\/www.chezpiotr.com\/wordpress\/experiences\/2020-test-dune-solution-dagregation-et-de-valorisation-de-mouvements-comptables-et-de-referentiels-actuariels\/\"\n\t\t\t\t\tclass=\"sow-carousel-default-thumbnail\"\n\t\t\t\t\t\t\t\t\t\t\t\t\t\t\taria-labelledby=\"sow-carousel-id-525\"\n\t\t\t\t\ttabindex=\"-1\"\n\t\t\t\t>\n\t\t\t\t\t<span class=\"overlay\"><\/span>\n\t\t\t\t<\/a>\n\t\t\t\t\t<\/div>\n\t\t<h3 class=\"sow-carousel-item-title\">\n\t\t\t<a\n\t\t\t\thref=\"http:\/\/www.chezpiotr.com\/wordpress\/experiences\/2020-test-dune-solution-dagregation-et-de-valorisation-de-mouvements-comptables-et-de-referentiels-actuariels\/\"\n\t\t\t\tid=\"sow-carousel-id-525\"\n\t\t\t\t\t\t\t\ttabindex=\"-1\"\n\t\t\t>\n\n\t\t\t\t2020 \u2013 Test d\u2019une solution d&rsquo;agr\u00e9gation et de valorisation de mouvements comptables et de r\u00e9f\u00e9rentiels actuariels.\t\t\t<\/a>\n\t\t<\/h3>\n\t<\/div>\n\t<div class=\"sow-carousel-item\" tabindex=\"-1\" style=\"float: left;\">\n\t\t<div class=\"sow-carousel-thumbnail\">\n\t\t\t\t\t\t\t<a\n\t\t\t\t\thref=\"http:\/\/www.chezpiotr.com\/wordpress\/experiences\/2020-test-dune-solution-de-rachat-detaille-par-support-en-agence\/\"\n\t\t\t\t\t\t\t\t\t\tstyle=\"background-image: url( http:\/\/www.chezpiotr.com\/wordpress\/wp-content\/uploads\/2013\/06\/photo_5580_20080819-272x182.jpg )\"\n\t\t\t\t\taria-labelledby=\"sow-carousel-id-519\"\n\t\t\t\t\ttabindex=\"-1\"\n\t\t\t\t>\n\t\t\t\t\t<span class=\"overlay\"><\/span>\n\t\t\t\t<\/a>\n\t\t\t\t\t<\/div>\n\t\t<h3 class=\"sow-carousel-item-title\">\n\t\t\t<a\n\t\t\t\thref=\"http:\/\/www.chezpiotr.com\/wordpress\/experiences\/2020-test-dune-solution-de-rachat-detaille-par-support-en-agence\/\"\n\t\t\t\tid=\"sow-carousel-id-519\"\n\t\t\t\t\t\t\t\ttabindex=\"-1\"\n\t\t\t>\n\n\t\t\t\t2020 \u2013 Test d\u2019une solution de rachat d\u00e9taill\u00e9 par support en agence\t\t\t<\/a>\n\t\t<\/h3>\n\t<\/div>\n\t<div class=\"sow-carousel-item\" tabindex=\"-1\" style=\"float: left;\">\n\t\t<div class=\"sow-carousel-thumbnail\">\n\t\t\t\t\t\t\t<a\n\t\t\t\t\thref=\"http:\/\/www.chezpiotr.com\/wordpress\/experiences\/2019-test-dune-solution-de-rachat-en-ligne-sur-portefeuille-depargne\/\"\n\t\t\t\t\t\t\t\t\t\tstyle=\"background-image: url( http:\/\/www.chezpiotr.com\/wordpress\/wp-content\/uploads\/2013\/06\/photo_5580_20080819-272x182.jpg )\"\n\t\t\t\t\taria-labelledby=\"sow-carousel-id-516\"\n\t\t\t\t\ttabindex=\"-1\"\n\t\t\t\t>\n\t\t\t\t\t<span class=\"overlay\"><\/span>\n\t\t\t\t<\/a>\n\t\t\t\t\t<\/div>\n\t\t<h3 class=\"sow-carousel-item-title\">\n\t\t\t<a\n\t\t\t\thref=\"http:\/\/www.chezpiotr.com\/wordpress\/experiences\/2019-test-dune-solution-de-rachat-en-ligne-sur-portefeuille-depargne\/\"\n\t\t\t\tid=\"sow-carousel-id-516\"\n\t\t\t\t\t\t\t\ttabindex=\"-1\"\n\t\t\t>\n\n\t\t\t\t2019 &#8211; Test d&rsquo;une solution de rachat en ligne sur portefeuille d&rsquo;\u00e9pargne\t\t\t<\/a>\n\t\t<\/h3>\n\t<\/div>\n\t<div class=\"sow-carousel-item\" tabindex=\"-1\" style=\"float: left;\">\n\t\t<div class=\"sow-carousel-thumbnail\">\n\t\t\t\t\t\t\t<a\n\t\t\t\t\thref=\"http:\/\/www.chezpiotr.com\/wordpress\/experiences\/2019-tests-dune-solution-de-robo-advisor-sur-des-produits-depargne\/\"\n\t\t\t\t\t\t\t\t\t\tstyle=\"background-image: url( http:\/\/www.chezpiotr.com\/wordpress\/wp-content\/uploads\/2017\/01\/cropped-gears-1236578.jpg )\"\n\t\t\t\t\taria-labelledby=\"sow-carousel-id-499\"\n\t\t\t\t\ttabindex=\"-1\"\n\t\t\t\t>\n\t\t\t\t\t<span class=\"overlay\"><\/span>\n\t\t\t\t<\/a>\n\t\t\t\t\t<\/div>\n\t\t<h3 class=\"sow-carousel-item-title\">\n\t\t\t<a\n\t\t\t\thref=\"http:\/\/www.chezpiotr.com\/wordpress\/experiences\/2019-tests-dune-solution-de-robo-advisor-sur-des-produits-depargne\/\"\n\t\t\t\tid=\"sow-carousel-id-499\"\n\t\t\t\t\t\t\t\ttabindex=\"-1\"\n\t\t\t>\n\n\t\t\t\t2019 &#8211; Tests d&rsquo;une solution de Robo Advisor sur des produits d&rsquo;\u00e9pargne.\t\t\t<\/a>\n\t\t<\/h3>\n\t<\/div>\n\t<div class=\"sow-carousel-item\" tabindex=\"-1\" style=\"float: left;\">\n\t\t<div class=\"sow-carousel-thumbnail\">\n\t\t\t\t\t\t\t<a\n\t\t\t\t\thref=\"http:\/\/www.chezpiotr.com\/wordpress\/experiences\/2018-mise-en-place-de-la-strategie-de-test-de-processus-de-ged\/\"\n\t\t\t\t\t\t\t\t\t\tstyle=\"background-image: url( http:\/\/www.chezpiotr.com\/wordpress\/wp-content\/uploads\/2017\/02\/art-1866468_1920-272x182.jpg )\"\n\t\t\t\t\taria-labelledby=\"sow-carousel-id-487\"\n\t\t\t\t\ttabindex=\"-1\"\n\t\t\t\t>\n\t\t\t\t\t<span class=\"overlay\"><\/span>\n\t\t\t\t<\/a>\n\t\t\t\t\t<\/div>\n\t\t<h3 class=\"sow-carousel-item-title\">\n\t\t\t<a\n\t\t\t\thref=\"http:\/\/www.chezpiotr.com\/wordpress\/experiences\/2018-mise-en-place-de-la-strategie-de-test-de-processus-de-ged\/\"\n\t\t\t\tid=\"sow-carousel-id-487\"\n\t\t\t\t\t\t\t\ttabindex=\"-1\"\n\t\t\t>\n\n\t\t\t\t2018 &#8211; Mise en place de la strat\u00e9gie de test de processus de GED\t\t\t<\/a>\n\t\t<\/h3>\n\t<\/div>\n\t<div class=\"sow-carousel-item\" tabindex=\"-1\" style=\"float: left;\">\n\t\t<div class=\"sow-carousel-thumbnail\">\n\t\t\t\t\t\t\t<a\n\t\t\t\t\thref=\"http:\/\/www.chezpiotr.com\/wordpress\/experiences\/2018-pilotage-dexecution-de-test-dun-outil-de-gestion-de-prevoyance\/\"\n\t\t\t\t\t\t\t\t\t\tstyle=\"background-image: url( http:\/\/www.chezpiotr.com\/wordpress\/wp-content\/uploads\/2013\/06\/file0001665370568-272x182.jpg )\"\n\t\t\t\t\taria-labelledby=\"sow-carousel-id-483\"\n\t\t\t\t\ttabindex=\"-1\"\n\t\t\t\t>\n\t\t\t\t\t<span class=\"overlay\"><\/span>\n\t\t\t\t<\/a>\n\t\t\t\t\t<\/div>\n\t\t<h3 class=\"sow-carousel-item-title\">\n\t\t\t<a\n\t\t\t\thref=\"http:\/\/www.chezpiotr.com\/wordpress\/experiences\/2018-pilotage-dexecution-de-test-dun-outil-de-gestion-de-prevoyance\/\"\n\t\t\t\tid=\"sow-carousel-id-483\"\n\t\t\t\t\t\t\t\ttabindex=\"-1\"\n\t\t\t>\n\n\t\t\t\t2018 &#8211; Pilotage d&rsquo;ex\u00e9cution de test d&rsquo;un outil de gestion de pr\u00e9voyance\t\t\t<\/a>\n\t\t<\/h3>\n\t<\/div>\n\t<div class=\"sow-carousel-item\" tabindex=\"-1\" style=\"float: left;\">\n\t\t<div class=\"sow-carousel-thumbnail\">\n\t\t\t\t\t\t\t<a\n\t\t\t\t\thref=\"http:\/\/www.chezpiotr.com\/wordpress\/philososi\/so-chef-de-projet\/\"\n\t\t\t\t\t\t\t\t\t\tstyle=\"background-image: url( http:\/\/www.chezpiotr.com\/wordpress\/wp-content\/uploads\/2017\/02\/port-1621668_1920-272x182.jpg )\"\n\t\t\t\t\taria-labelledby=\"sow-carousel-id-289\"\n\t\t\t\t\ttabindex=\"-1\"\n\t\t\t\t>\n\t\t\t\t\t<span class=\"overlay\"><\/span>\n\t\t\t\t<\/a>\n\t\t\t\t\t<\/div>\n\t\t<h3 class=\"sow-carousel-item-title\">\n\t\t\t<a\n\t\t\t\thref=\"http:\/\/www.chezpiotr.com\/wordpress\/philososi\/so-chef-de-projet\/\"\n\t\t\t\tid=\"sow-carousel-id-289\"\n\t\t\t\t\t\t\t\ttabindex=\"-1\"\n\t\t\t>\n\n\t\t\t\tSo Chef de Projet\t\t\t<\/a>\n\t\t<\/h3>\n\t<\/div>\n\t<div class=\"sow-carousel-item\" tabindex=\"-1\" style=\"float: left;\">\n\t\t<div class=\"sow-carousel-thumbnail\">\n\t\t\t\t\t\t\t<a\n\t\t\t\t\thref=\"http:\/\/www.chezpiotr.com\/wordpress\/experiences\/2016-projet-de-reprise-de-donnees-automatiques-dans-un-nouveau-progiciel-de-gestion\/\"\n\t\t\t\t\t\t\t\t\t\tstyle=\"background-image: url( http:\/\/www.chezpiotr.com\/wordpress\/wp-content\/uploads\/2016\/06\/file000504645321-272x182.jpg )\"\n\t\t\t\t\taria-labelledby=\"sow-carousel-id-167\"\n\t\t\t\t\ttabindex=\"-1\"\n\t\t\t\t>\n\t\t\t\t\t<span class=\"overlay\"><\/span>\n\t\t\t\t<\/a>\n\t\t\t\t\t<\/div>\n\t\t<h3 class=\"sow-carousel-item-title\">\n\t\t\t<a\n\t\t\t\thref=\"http:\/\/www.chezpiotr.com\/wordpress\/experiences\/2016-projet-de-reprise-de-donnees-automatiques-dans-un-nouveau-progiciel-de-gestion\/\"\n\t\t\t\tid=\"sow-carousel-id-167\"\n\t\t\t\t\t\t\t\ttabindex=\"-1\"\n\t\t\t>\n\n\t\t\t\t2016 : Projet de reprise de donn\u00e9es automatiques dans un nouveau progiciel de gestion\t\t\t<\/a>\n\t\t<\/h3>\n\t<\/div>\n\t<div class=\"sow-carousel-item\" tabindex=\"-1\" style=\"float: left;\">\n\t\t<div class=\"sow-carousel-thumbnail\">\n\t\t\t\t\t\t\t<a\n\t\t\t\t\thref=\"http:\/\/www.chezpiotr.com\/wordpress\/experiences\/2013-mise-en-oeuvre-de-la-montee-de-version-majeur-du-progiciel\/\"\n\t\t\t\t\t\t\t\t\t\tstyle=\"background-image: url( http:\/\/www.chezpiotr.com\/wordpress\/wp-content\/uploads\/2013\/06\/file0001665370568-272x182.jpg )\"\n\t\t\t\t\taria-labelledby=\"sow-carousel-id-159\"\n\t\t\t\t\ttabindex=\"-1\"\n\t\t\t\t>\n\t\t\t\t\t<span class=\"overlay\"><\/span>\n\t\t\t\t<\/a>\n\t\t\t\t\t<\/div>\n\t\t<h3 class=\"sow-carousel-item-title\">\n\t\t\t<a\n\t\t\t\thref=\"http:\/\/www.chezpiotr.com\/wordpress\/experiences\/2013-mise-en-oeuvre-de-la-montee-de-version-majeur-du-progiciel\/\"\n\t\t\t\tid=\"sow-carousel-id-159\"\n\t\t\t\t\t\t\t\ttabindex=\"-1\"\n\t\t\t>\n\n\t\t\t\t2013 : Mise en oeuvre de la mont\u00e9e de version majeur du progiciel\t\t\t<\/a>\n\t\t<\/h3>\n\t<\/div>\n\t<div class=\"sow-carousel-item\" tabindex=\"-1\" style=\"float: left;\">\n\t\t<div class=\"sow-carousel-thumbnail\">\n\t\t\t\t\t\t\t<a\n\t\t\t\t\thref=\"http:\/\/www.chezpiotr.com\/wordpress\/experiences\/2012-mise-en-place-de-la-gestion-sepa-dans-le-progiciel-de-gestion\/\"\n\t\t\t\t\t\t\t\t\t\tstyle=\"background-image: url( http:\/\/www.chezpiotr.com\/wordpress\/wp-content\/uploads\/2013\/06\/file2491241837403-272x182.jpg )\"\n\t\t\t\t\taria-labelledby=\"sow-carousel-id-153\"\n\t\t\t\t\ttabindex=\"-1\"\n\t\t\t\t>\n\t\t\t\t\t<span class=\"overlay\"><\/span>\n\t\t\t\t<\/a>\n\t\t\t\t\t<\/div>\n\t\t<h3 class=\"sow-carousel-item-title\">\n\t\t\t<a\n\t\t\t\thref=\"http:\/\/www.chezpiotr.com\/wordpress\/experiences\/2012-mise-en-place-de-la-gestion-sepa-dans-le-progiciel-de-gestion\/\"\n\t\t\t\tid=\"sow-carousel-id-153\"\n\t\t\t\t\t\t\t\ttabindex=\"-1\"\n\t\t\t>\n\n\t\t\t\t2012 : Mise en place de la gestion SEPA dans le progiciel de gestion\t\t\t<\/a>\n\t\t<\/h3>\n\t<\/div>\n\t<div class=\"sow-carousel-item\" tabindex=\"-1\" style=\"float: left;\">\n\t\t<div class=\"sow-carousel-thumbnail\">\n\t\t\t\t\t\t\t<a\n\t\t\t\t\thref=\"http:\/\/www.chezpiotr.com\/wordpress\/experiences\/2012-pilotage-de-recette-de-progiciel-de-gestion-de-prevoyance\/\"\n\t\t\t\t\t\t\t\t\t\tstyle=\"background-image: url( http:\/\/www.chezpiotr.com\/wordpress\/wp-content\/uploads\/2013\/06\/file0001285035054-272x182.jpg )\"\n\t\t\t\t\taria-labelledby=\"sow-carousel-id-151\"\n\t\t\t\t\ttabindex=\"-1\"\n\t\t\t\t>\n\t\t\t\t\t<span class=\"overlay\"><\/span>\n\t\t\t\t<\/a>\n\t\t\t\t\t<\/div>\n\t\t<h3 class=\"sow-carousel-item-title\">\n\t\t\t<a\n\t\t\t\thref=\"http:\/\/www.chezpiotr.com\/wordpress\/experiences\/2012-pilotage-de-recette-de-progiciel-de-gestion-de-prevoyance\/\"\n\t\t\t\tid=\"sow-carousel-id-151\"\n\t\t\t\t\t\t\t\ttabindex=\"-1\"\n\t\t\t>\n\n\t\t\t\t2012 : Pilotage de recette de progiciel de gestion de pr\u00e9voyance\t\t\t<\/a>\n\t\t<\/h3>\n\t<\/div>\n\t<div class=\"sow-carousel-item\" tabindex=\"-1\" style=\"float: left;\">\n\t\t<div class=\"sow-carousel-thumbnail\">\n\t\t\t\t\t\t\t<a\n\t\t\t\t\thref=\"http:\/\/www.chezpiotr.com\/wordpress\/experiences\/2011-support-metier-aux-utilisateurs-des-donnees-du-si-de-prevoyance\/\"\n\t\t\t\t\t\t\t\t\t\tstyle=\"background-image: url( http:\/\/www.chezpiotr.com\/wordpress\/wp-content\/uploads\/2013\/06\/file0001118889954-272x182.jpg )\"\n\t\t\t\t\taria-labelledby=\"sow-carousel-id-149\"\n\t\t\t\t\ttabindex=\"-1\"\n\t\t\t\t>\n\t\t\t\t\t<span class=\"overlay\"><\/span>\n\t\t\t\t<\/a>\n\t\t\t\t\t<\/div>\n\t\t<h3 class=\"sow-carousel-item-title\">\n\t\t\t<a\n\t\t\t\thref=\"http:\/\/www.chezpiotr.com\/wordpress\/experiences\/2011-support-metier-aux-utilisateurs-des-donnees-du-si-de-prevoyance\/\"\n\t\t\t\tid=\"sow-carousel-id-149\"\n\t\t\t\t\t\t\t\ttabindex=\"-1\"\n\t\t\t>\n\n\t\t\t\t2011 : Support m\u00e9tier aux utilisateurs des donn\u00e9es du SI de pr\u00e9voyance\t\t\t<\/a>\n\t\t<\/h3>\n\t<\/div>\n\t<div class=\"sow-carousel-item\" tabindex=\"-1\" style=\"float: left;\">\n\t\t<div class=\"sow-carousel-thumbnail\">\n\t\t\t\t\t\t\t<a\n\t\t\t\t\thref=\"http:\/\/www.chezpiotr.com\/wordpress\/experiences\/2009-absorption-du-transfert-dactivite-de-lentreprise-par-les-si\/\"\n\t\t\t\t\t\t\t\t\t\tstyle=\"background-image: url( http:\/\/www.chezpiotr.com\/wordpress\/wp-content\/uploads\/2013\/06\/file0001665370568-272x182.jpg )\"\n\t\t\t\t\taria-labelledby=\"sow-carousel-id-137\"\n\t\t\t\t\ttabindex=\"-1\"\n\t\t\t\t>\n\t\t\t\t\t<span class=\"overlay\"><\/span>\n\t\t\t\t<\/a>\n\t\t\t\t\t<\/div>\n\t\t<h3 class=\"sow-carousel-item-title\">\n\t\t\t<a\n\t\t\t\thref=\"http:\/\/www.chezpiotr.com\/wordpress\/experiences\/2009-absorption-du-transfert-dactivite-de-lentreprise-par-les-si\/\"\n\t\t\t\tid=\"sow-carousel-id-137\"\n\t\t\t\t\t\t\t\ttabindex=\"-1\"\n\t\t\t>\n\n\t\t\t\t2009 : Absorption du transfert d&rsquo;activit\u00e9 de l&rsquo;entreprise par les SI\t\t\t<\/a>\n\t\t<\/h3>\n\t<\/div>\n\t<div class=\"sow-carousel-item\" tabindex=\"-1\" style=\"float: left;\">\n\t\t<div class=\"sow-carousel-thumbnail\">\n\t\t\t\t\t\t\t<a\n\t\t\t\t\thref=\"http:\/\/www.chezpiotr.com\/wordpress\/experiences\/2008-assurer-la-continuite-du-si-de-prevoyance-avec-un-cout-maitrise\/\"\n\t\t\t\t\t\t\t\t\t\tstyle=\"background-image: url( http:\/\/www.chezpiotr.com\/wordpress\/wp-content\/uploads\/2017\/02\/art-1866468_1920-272x182.jpg )\"\n\t\t\t\t\taria-labelledby=\"sow-carousel-id-131\"\n\t\t\t\t\ttabindex=\"-1\"\n\t\t\t\t>\n\t\t\t\t\t<span class=\"overlay\"><\/span>\n\t\t\t\t<\/a>\n\t\t\t\t\t<\/div>\n\t\t<h3 class=\"sow-carousel-item-title\">\n\t\t\t<a\n\t\t\t\thref=\"http:\/\/www.chezpiotr.com\/wordpress\/experiences\/2008-assurer-la-continuite-du-si-de-prevoyance-avec-un-cout-maitrise\/\"\n\t\t\t\tid=\"sow-carousel-id-131\"\n\t\t\t\t\t\t\t\ttabindex=\"-1\"\n\t\t\t>\n\n\t\t\t\t2008 : Assurer la continuit\u00e9 du SI de pr\u00e9voyance avec un co\u00fbt maitris\u00e9\t\t\t<\/a>\n\t\t<\/h3>\n\t<\/div>\n\t<div class=\"sow-carousel-item\" tabindex=\"-1\" style=\"float: left;\">\n\t\t<div class=\"sow-carousel-thumbnail\">\n\t\t\t\t\t\t\t<a\n\t\t\t\t\thref=\"http:\/\/www.chezpiotr.com\/wordpress\/experiences\/2005-maintenance-evolutive-et-corrective-du-si\/\"\n\t\t\t\t\t\t\t\t\t\tstyle=\"background-image: url( http:\/\/www.chezpiotr.com\/wordpress\/wp-content\/uploads\/2013\/06\/file0001118889954-272x182.jpg )\"\n\t\t\t\t\taria-labelledby=\"sow-carousel-id-117\"\n\t\t\t\t\ttabindex=\"-1\"\n\t\t\t\t>\n\t\t\t\t\t<span class=\"overlay\"><\/span>\n\t\t\t\t<\/a>\n\t\t\t\t\t<\/div>\n\t\t<h3 class=\"sow-carousel-item-title\">\n\t\t\t<a\n\t\t\t\thref=\"http:\/\/www.chezpiotr.com\/wordpress\/experiences\/2005-maintenance-evolutive-et-corrective-du-si\/\"\n\t\t\t\tid=\"sow-carousel-id-117\"\n\t\t\t\t\t\t\t\ttabindex=\"-1\"\n\t\t\t>\n\n\t\t\t\t2005 : Maintenance \u00e9volutive et corrective du SI\t\t\t<\/a>\n\t\t<\/h3>\n\t<\/div>\n\t<div class=\"sow-carousel-item\" tabindex=\"-1\" style=\"float: left;\">\n\t\t<div class=\"sow-carousel-thumbnail\">\n\t\t\t\t\t\t\t<a\n\t\t\t\t\thref=\"http:\/\/www.chezpiotr.com\/wordpress\/experiences\/2005-mise-en-place-de-la-fiscalite-sur-prestations-ittinval\/\"\n\t\t\t\t\t\t\t\t\t\tstyle=\"background-image: url( http:\/\/www.chezpiotr.com\/wordpress\/wp-content\/uploads\/2013\/06\/file0001285035054-272x182.jpg )\"\n\t\t\t\t\taria-labelledby=\"sow-carousel-id-115\"\n\t\t\t\t\ttabindex=\"-1\"\n\t\t\t\t>\n\t\t\t\t\t<span class=\"overlay\"><\/span>\n\t\t\t\t<\/a>\n\t\t\t\t\t<\/div>\n\t\t<h3 class=\"sow-carousel-item-title\">\n\t\t\t<a\n\t\t\t\thref=\"http:\/\/www.chezpiotr.com\/wordpress\/experiences\/2005-mise-en-place-de-la-fiscalite-sur-prestations-ittinval\/\"\n\t\t\t\tid=\"sow-carousel-id-115\"\n\t\t\t\t\t\t\t\ttabindex=\"-1\"\n\t\t\t>\n\n\t\t\t\t2005 : Mise en place de la fiscalit\u00e9 sur prestations ITT\/Inval\t\t\t<\/a>\n\t\t<\/h3>\n\t<\/div>\n\t<div class=\"sow-carousel-item\" tabindex=\"-1\" style=\"float: left;\">\n\t\t<div class=\"sow-carousel-thumbnail\">\n\t\t\t\t\t\t\t<a\n\t\t\t\t\thref=\"http:\/\/www.chezpiotr.com\/wordpress\/experiences\/2005-mise-en-oeuvre-de-delegations-de-gestion-aux-souscripteurs\/\"\n\t\t\t\t\t\t\t\t\t\tstyle=\"background-image: url( http:\/\/www.chezpiotr.com\/wordpress\/wp-content\/uploads\/2013\/06\/file0001665370568-272x182.jpg )\"\n\t\t\t\t\taria-labelledby=\"sow-carousel-id-113\"\n\t\t\t\t\ttabindex=\"-1\"\n\t\t\t\t>\n\t\t\t\t\t<span class=\"overlay\"><\/span>\n\t\t\t\t<\/a>\n\t\t\t\t\t<\/div>\n\t\t<h3 class=\"sow-carousel-item-title\">\n\t\t\t<a\n\t\t\t\thref=\"http:\/\/www.chezpiotr.com\/wordpress\/experiences\/2005-mise-en-oeuvre-de-delegations-de-gestion-aux-souscripteurs\/\"\n\t\t\t\tid=\"sow-carousel-id-113\"\n\t\t\t\t\t\t\t\ttabindex=\"-1\"\n\t\t\t>\n\n\t\t\t\t2005 : Mise en oeuvre de d\u00e9l\u00e9gations de gestion aux souscripteurs\t\t\t<\/a>\n\t\t<\/h3>\n\t<\/div>\n\t<div class=\"sow-carousel-item\" tabindex=\"-1\" style=\"float: left;\">\n\t\t<div class=\"sow-carousel-thumbnail\">\n\t\t\t\t\t\t\t<a\n\t\t\t\t\thref=\"http:\/\/www.chezpiotr.com\/wordpress\/experiences\/2005-reprise-en-gestion-dun-produit-du-principal-co-assureur\/\"\n\t\t\t\t\t\t\t\t\t\tstyle=\"background-image: url( http:\/\/www.chezpiotr.com\/wordpress\/wp-content\/uploads\/2013\/06\/file0001288405072-272x182.jpg )\"\n\t\t\t\t\taria-labelledby=\"sow-carousel-id-110\"\n\t\t\t\t\ttabindex=\"-1\"\n\t\t\t\t>\n\t\t\t\t\t<span class=\"overlay\"><\/span>\n\t\t\t\t<\/a>\n\t\t\t\t\t<\/div>\n\t\t<h3 class=\"sow-carousel-item-title\">\n\t\t\t<a\n\t\t\t\thref=\"http:\/\/www.chezpiotr.com\/wordpress\/experiences\/2005-reprise-en-gestion-dun-produit-du-principal-co-assureur\/\"\n\t\t\t\tid=\"sow-carousel-id-110\"\n\t\t\t\t\t\t\t\ttabindex=\"-1\"\n\t\t\t>\n\n\t\t\t\t2005 : Reprise en gestion d&rsquo;un produit du principal co-assureur\t\t\t<\/a>\n\t\t<\/h3>\n\t<\/div>\n\t<div class=\"sow-carousel-item\" tabindex=\"-1\" style=\"float: left;\">\n\t\t<div class=\"sow-carousel-thumbnail\">\n\t\t\t\t\t\t\t<a\n\t\t\t\t\thref=\"http:\/\/www.chezpiotr.com\/wordpress\/experiences\/2002-suivi-et-pilotage-des-incidents-techniques-des-clients\/\"\n\t\t\t\t\t\t\t\t\t\tstyle=\"background-image: url( http:\/\/www.chezpiotr.com\/wordpress\/wp-content\/uploads\/2013\/06\/file0001118889954-272x182.jpg )\"\n\t\t\t\t\taria-labelledby=\"sow-carousel-id-83\"\n\t\t\t\t\ttabindex=\"-1\"\n\t\t\t\t>\n\t\t\t\t\t<span class=\"overlay\"><\/span>\n\t\t\t\t<\/a>\n\t\t\t\t\t<\/div>\n\t\t<h3 class=\"sow-carousel-item-title\">\n\t\t\t<a\n\t\t\t\thref=\"http:\/\/www.chezpiotr.com\/wordpress\/experiences\/2002-suivi-et-pilotage-des-incidents-techniques-des-clients\/\"\n\t\t\t\tid=\"sow-carousel-id-83\"\n\t\t\t\t\t\t\t\ttabindex=\"-1\"\n\t\t\t>\n\n\t\t\t\t2002 : Suivi et pilotage des incidents techniques des clients\t\t\t<\/a>\n\t\t<\/h3>\n\t<\/div>\n\t<div class=\"sow-carousel-item\" tabindex=\"-1\" style=\"float: left;\">\n\t\t<div class=\"sow-carousel-thumbnail\">\n\t\t\t\t\t\t\t<a\n\t\t\t\t\thref=\"http:\/\/www.chezpiotr.com\/wordpress\/experiences\/2001-support-technique-au-commercial-en-prospection\/\"\n\t\t\t\t\t\t\t\t\t\tstyle=\"background-image: url( http:\/\/www.chezpiotr.com\/wordpress\/wp-content\/uploads\/2013\/06\/file000798466571-272x182.jpg )\"\n\t\t\t\t\taria-labelledby=\"sow-carousel-id-81\"\n\t\t\t\t\ttabindex=\"-1\"\n\t\t\t\t>\n\t\t\t\t\t<span class=\"overlay\"><\/span>\n\t\t\t\t<\/a>\n\t\t\t\t\t<\/div>\n\t\t<h3 class=\"sow-carousel-item-title\">\n\t\t\t<a\n\t\t\t\thref=\"http:\/\/www.chezpiotr.com\/wordpress\/experiences\/2001-support-technique-au-commercial-en-prospection\/\"\n\t\t\t\tid=\"sow-carousel-id-81\"\n\t\t\t\t\t\t\t\ttabindex=\"-1\"\n\t\t\t>\n\n\t\t\t\t2001 : Support technique au commercial en prospection\t\t\t<\/a>\n\t\t<\/h3>\n\t<\/div>\n\t\t<\/div>\n\t\t\t<\/div>\n\n\t<\/div>\n\t\t<input type=\"hidden\" name=\"instance_hash\" value=\"3847d9be\"\/>\n\t<\/div>\n<\/div><\/div><\/div><\/div><\/div>","protected":false},"excerpt":{"rendered":"<p>Piloter S&rsquo;appuyer&nbsp;sur des r\u00e9flexes \u00e9prouv\u00e9s de pilotage mais aussi cr\u00e9er des m\u00e9thodes adapt\u00e9es aux outils et aux intervenants permet a SoSI d&rsquo;orienter au mieux l&rsquo;avancement de vos projet ou de vos activit\u00e9s.&nbsp; 2019 \u2013 Tests d\u2019une solution de Robo Advisor sur des produits d\u2019\u00e9pargne. 2018 \u2013 Mise en place de la strat\u00e9gie de test de &hellip; <\/p>\n<p class=\"link-more\"><a href=\"http:\/\/www.chezpiotr.com\/wordpress\/experiences\/2001-support-technique-au-commercial-en-prospection\/\" class=\"more-link\">Continuer la lecture<span class=\"screen-reader-text\"> de &laquo;&nbsp;2001 : Support technique au commercial en prospection&nbsp;&raquo;<\/span><\/a><\/p>\n","protected":false},"author":1,"featured_media":269,"parent":256,"menu_order":0,"comment_status":"closed","ping_status":"closed","template":"","meta":{"inline_featured_image":false,"footnotes":""},"_links":{"self":[{"href":"http:\/\/www.chezpiotr.com\/wordpress\/wp-json\/wp\/v2\/pages\/310"}],"collection":[{"href":"http:\/\/www.chezpiotr.com\/wordpress\/wp-json\/wp\/v2\/pages"}],"about":[{"href":"http:\/\/www.chezpiotr.com\/wordpress\/wp-json\/wp\/v2\/types\/page"}],"author":[{"embeddable":true,"href":"http:\/\/www.chezpiotr.com\/wordpress\/wp-json\/wp\/v2\/users\/1"}],"replies":[{"embeddable":true,"href":"http:\/\/www.chezpiotr.com\/wordpress\/wp-json\/wp\/v2\/comments?post=310"}],"version-history":[{"count":3,"href":"http:\/\/www.chezpiotr.com\/wordpress\/wp-json\/wp\/v2\/pages\/310\/revisions"}],"predecessor-version":[{"id":511,"href":"http:\/\/www.chezpiotr.com\/wordpress\/wp-json\/wp\/v2\/pages\/310\/revisions\/511"}],"up":[{"embeddable":true,"href":"http:\/\/www.chezpiotr.com\/wordpress\/wp-json\/wp\/v2\/pages\/256"}],"wp:featuredmedia":[{"embeddable":true,"href":"http:\/\/www.chezpiotr.com\/wordpress\/wp-json\/wp\/v2\/media\/269"}],"wp:attachment":[{"href":"http:\/\/www.chezpiotr.com\/wordpress\/wp-json\/wp\/v2\/media?parent=310"}],"curies":[{"name":"wp","href":"https:\/\/api.w.org\/{rel}","templated":true}]}}