{"id":212,"date":"2017-01-30T12:37:53","date_gmt":"2017-01-30T12:37:53","guid":{"rendered":"http:\/\/www.chezpiotr.com\/wordpress\/?page_id=212"},"modified":"2018-02-07T13:27:50","modified_gmt":"2018-02-07T13:27:50","slug":"contact","status":"publish","type":"page","link":"https:\/\/www.chezpiotr.com\/wordpress\/contact\/","title":{"rendered":"Contactez nous"},"content":{"rendered":"<div id=\"pl-212\"  class=\"panel-layout\" ><div id=\"pg-212-0\"  class=\"panel-grid panel-no-style\" ><div id=\"pgc-212-0-0\"  class=\"panel-grid-cell\" ><div id=\"panel-212-0-0-0\" class=\"so-panel widget widget_black-studio-tinymce widget_black_studio_tinymce panel-first-child panel-last-child\" data-index=\"0\" ><div class=\"textwidget\"><p><img loading=\"lazy\" decoding=\"async\" class=\"alignnone size-medium wp-image-6\" src=\"http:\/\/www.chezpiotr.com\/wordpress\/wp-content\/uploads\/2017\/01\/logo_450x310-300x207.png\" alt=\"\" width=\"300\" height=\"207\" srcset=\"https:\/\/www.chezpiotr.com\/wordpress\/wp-content\/uploads\/2017\/01\/logo_450x310-300x207.png 300w, https:\/\/www.chezpiotr.com\/wordpress\/wp-content\/uploads\/2017\/01\/logo_450x310.png 450w\" sizes=\"(max-width: 300px) 100vw, 300px\" \/><\/p>\n<h1>\u00a0<\/h1>\n<\/div><\/div><\/div><div id=\"pgc-212-0-1\"  class=\"panel-grid-cell\" ><div id=\"panel-212-0-1-0\" class=\"so-panel widget widget_black-studio-tinymce widget_black_studio_tinymce panel-first-child panel-last-child\" data-index=\"1\" ><div class=\"textwidget\"><h1>Soci\u00e9t\u00e9 d'organisation des Syst\u00e8mes d'Informations<\/h1>\n<p>EURL Soci\u00e9t\u00e9 d\u2019Organisation des Syst\u00e8mes d\u2019Information<br \/>Soci\u00e9t\u00e9 \u00e0 Responsabilit\u00e9 Limit\u00e9e au capital de 1\u00a0500 euros<br \/>(RCS BOBIGNY N\u00b0 791 939 150)<\/p>\n<p><strong>Si\u00e8ge Sociale au<\/strong><br \/>20 Avenue Gabriel P\u00e9ri<br \/>93 800 Epinay Sur Seine (France)<\/p>\n<p><strong>Dirigeant<\/strong><br \/>M. LECH Piotr<\/p>\n<p><strong>Conception et R\u00e9alisation du site<\/strong><br \/>Silesiaaddict Sp. z o.o. (Katowice, Pologne)<br \/>Banque d'images :\u00a0<a href=\"https:\/\/pixabay.com\/fr\/\">pixabay.com<\/a><\/p>\n<\/div><\/div><\/div><\/div><div id=\"pg-212-1\"  class=\"panel-grid panel-no-style\" ><div id=\"pgc-212-1-0\"  class=\"panel-grid-cell\" ><div id=\"panel-212-1-0-0\" class=\"so-panel widget widget_sow-contact-form panel-first-child panel-last-child\" data-index=\"2\" ><div\n\t\t\t\n\t\t\tclass=\"so-widget-sow-contact-form so-widget-sow-contact-form-default-7284b579332e-212\"\n\t\t\t\n\t\t>\t<form\n\t\taction=\"\/wordpress\/wp-json\/wp\/v2\/pages\/212\"\n\t\tmethod=\"POST\"\n\t\tclass=\"sow-contact-form\"\n\t\tid=\"contact-form-e23b\"\n\t>\n\n\t\t\n\t\t\t\t\t<div class=\"sow-form-field sow-form-field-name\">\n\t\t\t\t<label class=\"sow-form-field-label-above\" for=\"sow-contact-form-field-votre-nom-1\">\n\t\t\t\t<strong>\n\t\t\t\t\tVotre Nom\t\t\t\t\t\t\t\t\t<\/strong>\n\t\t\t<\/label>\n\t\t\t\t\t\t\t<span class=\"sow-field-container\">\n\t\t\t\t\t\t\t<input\n\t\t\ttype=\"text\"\n\t\t\tname=\"votre-nom-1\"\n\t\t\tid=\"sow-contact-form-field-votre-nom-1\"\n\t\t\tvalue=\"\"\n\t\t\tclass=\"sow-text-field\"\n\t\t\t\t\t\/>\n\t\t\t\t\t\t<\/span>\n\t\t\t\t\t\t\t<\/div>\n\t\t\t\t\t\t<div class=\"sow-form-field sow-form-field-email\">\n\t\t\t\t<label class=\"sow-form-field-label-above\" for=\"sow-contact-form-field-votre-adresse-mail-1\">\n\t\t\t\t<strong>\n\t\t\t\t\tVotre adresse mail\t\t\t\t\t\t\t\t\t<\/strong>\n\t\t\t<\/label>\n\t\t\t\t\t\t\t<span class=\"sow-field-container\">\n\t\t\t\t\t\t\t<input\n\t\t\ttype=\"email\"\n\t\t\tname=\"votre-adresse-mail-1\"\n\t\t\tid=\"sow-contact-form-field-votre-adresse-mail-1\"\n\t\t\tvalue=\"\"\n\t\t\tclass=\"sow-text-field\"\t\t\t\t\t\t\t\t\/>\n\t\t\t\t\t\t<\/span>\n\t\t\t\t\t\t\t<\/div>\n\t\t\t\t\t\t<div class=\"sow-form-field sow-form-field-subject\">\n\t\t\t\t<label class=\"sow-form-field-label-above\" for=\"sow-contact-form-field-objet-1\">\n\t\t\t\t<strong>\n\t\t\t\t\tObjet\t\t\t\t\t\t\t\t\t<\/strong>\n\t\t\t<\/label>\n\t\t\t\t\t\t\t<span class=\"sow-field-container\">\n\t\t\t\t\t\t\t<input\n\t\t\ttype=\"text\"\n\t\t\tname=\"objet-1\"\n\t\t\tid=\"sow-contact-form-field-objet-1\"\n\t\t\tvalue=\"\"\n\t\t\tclass=\"sow-text-field\"\n\t\t\t\t\t\t\t\t\/>\n\t\t\t\t\t\t<\/span>\n\t\t\t\t\t\t\t<\/div>\n\t\t\t\t\t\t<div class=\"sow-form-field sow-form-field-textarea\">\n\t\t\t\t<label class=\"sow-form-field-label-above\" for=\"sow-contact-form-field-votre-message-1\">\n\t\t\t\t<strong>\n\t\t\t\t\tVotre message\t\t\t\t\t\t\t\t\t<\/strong>\n\t\t\t<\/label>\n\t\t\t\t\t\t\t<span class=\"sow-field-container\">\n\t\t\t\t\t\t\t<textarea\n\t\t\tname=\"votre-message-1\"\n\t\t\tid=\"sow-contact-form-field-votre-message-1\"\n\t\t\trows=\"10\"\n\t\t\t\t\t\t\t\t><\/textarea>\n\t\t\t\t\t\t<\/span>\n\t\t\t\t\t\t\t<\/div>\n\t\t\t\n\t\t\n\t\t<div class=\"sow-submit-wrapper sow-submit-styled\">\n\n\t\t\t<button\n\t\t\t\ttype=\"submit\"\n\t\t\t\tclass=\"sow-submit\"\n\t\t\t\t\t\t\t>\n\t\t\t\tContacter\t\t\t<\/button>\n\t\t<\/div>\n\t\t\t\t<input\n\t\t\ttype=\"hidden\"\n\t\t\tname=\"instance_hash-1\"\n\t\t\tvalue=\"e23b7b0b\"\n\t\t\/>\n\n\t\t<input\n\t\t\ttype=\"hidden\"\n\t\t\tname=\"form_id\"\n\t\t\tvalue=\"\"\n\t\t\/>\n\t\t<input type=\"hidden\" id=\"_wpnonce\" name=\"_wpnonce\" value=\"e345980558\" \/><input type=\"hidden\" name=\"_wp_http_referer\" value=\"\/wordpress\/wp-json\/wp\/v2\/pages\/212\" \/>\t<\/form>\n\t<\/div><\/div><\/div><\/div><\/div>","protected":false},"excerpt":{"rendered":"<p>\u00a0 Soci\u00e9t\u00e9 d&rsquo;organisation des Syst\u00e8mes d&rsquo;InformationsEURL Soci\u00e9t\u00e9 d\u2019Organisation des Syst\u00e8mes d\u2019InformationSoci\u00e9t\u00e9 \u00e0 Responsabilit\u00e9 Limit\u00e9e au capital de 1\u00a0500 euros(RCS BOBIGNY N\u00b0 791 939 150)Si\u00e8ge Sociale au20 Avenue Gabriel P\u00e9ri93 800 Epinay Sur Seine (France)DirigeantM. LECH PiotrConception et R\u00e9alisation du siteSilesiaaddict Sp. z o.o. (Katowice, Pologne)Banque d&rsquo;images :\u00a0pixabay.com<\/p>\n","protected":false},"author":1,"featured_media":0,"parent":0,"menu_order":0,"comment_status":"closed","ping_status":"closed","template":"","meta":{"inline_featured_image":false,"footnotes":""},"_links":{"self":[{"href":"https:\/\/www.chezpiotr.com\/wordpress\/wp-json\/wp\/v2\/pages\/212"}],"collection":[{"href":"https:\/\/www.chezpiotr.com\/wordpress\/wp-json\/wp\/v2\/pages"}],"about":[{"href":"https:\/\/www.chezpiotr.com\/wordpress\/wp-json\/wp\/v2\/types\/page"}],"author":[{"embeddable":true,"href":"https:\/\/www.chezpiotr.com\/wordpress\/wp-json\/wp\/v2\/users\/1"}],"replies":[{"embeddable":true,"href":"https:\/\/www.chezpiotr.com\/wordpress\/wp-json\/wp\/v2\/comments?post=212"}],"version-history":[{"count":6,"href":"https:\/\/www.chezpiotr.com\/wordpress\/wp-json\/wp\/v2\/pages\/212\/revisions"}],"predecessor-version":[{"id":250,"href":"https:\/\/www.chezpiotr.com\/wordpress\/wp-json\/wp\/v2\/pages\/212\/revisions\/250"}],"wp:attachment":[{"href":"https:\/\/www.chezpiotr.com\/wordpress\/wp-json\/wp\/v2\/media?parent=212"}],"curies":[{"name":"wp","href":"https:\/\/api.w.org\/{rel}","templated":true}]}}